uppose -3*p - 6 = -4*n, 0*n - 5 = 5*p - 5*n. What is k(p)?
4
Let q(x) = -2*x. Let p(k) = -k. Let l(a) = 8*p(a) - 5*q(a). Determine l(1).
2
Let d(c) be the first derivative of -c**3 - 3*c**2/2 - 2*c + 1. Give d(-2).
-8
Suppose 0 = w + v - 3, -5*w - v = -2*v - 33. Suppose 12 = 3*l - w. Let j(h) = -7*h + l*h - 2*h**2 + 11*h**2. Give j(-1).
10
Let r(h) = 9*h**2 - 1. Let a = 1 - -3. Suppose -4*u - 2*p = -12, 4*p = a*u + 8 + 4. What is r(u)?
8
Let k = -8 - -12. Let h = k + -2. Let f(c) = -12*c**2 + 4*c**h + 2 - 1. Calculate f(1).
-7
Let t(h) = 4 - 5 - 8*h + 2*h + h**2. Let b be (-4)/(-3)*(8 + 1). Suppose 3*j - 3 = b. Determine t(j).
-6
Let n(q) be the second derivative of -10*q - 1/6*q**3 - 1/2*q**2 + 0. Let x = -4 + 1. What is n(x)?
2
Let t = 42 - 43. Let u(c) = -21*c**3 - c**2 - c. Calculate u(t).
21
Let r = -13 + 19. Let z(v) = 3*v + v**3 - 4*v + 2 - 1 - 6*v**2. Give z(r).
-5
Let v = -5 + 10. Let y(h) = -39 + 11 + 16 + 2*h + 6. Determine y(v).
4
Let n(w) = -4*w**2 - 9*w + 7. Let y(b) = 5*b**2 + 10*b - 8. Let o(a) = -4*n(a) - 3*y(a). Let v(t) be the first derivative of o(t). What is v(-5)?
-4
Let r(z) = z + 6. Let x(p) = 5*p + 31. Let u(f) = 11*r(f) - 2*x(f). Let g = -4 + 1. What is u(g)?
1
Let b = -8 + 10. Suppose o = b*o - 24. Suppose -4*m - o = -0. Let q(g) = g**3 + 6*g**2 - 5. What is q(m)?
-5
Let p(m) = m**2 - 10. Let x = 9 + -9. Calculate p(x).
-10
Let j(p) be the third derivative of p**5/60 + 11*p**4/24 + 13*p**3/6 - 2*p**2 + 33*p. Determine j(-9).
-5
Let i(x) = -14*x - 7. Let f(m) = 8*m + 3. Let t(p) = -5*f(p) - 3*i(p). Give t(-7).
-8
Let y(h) be the third derivative of h**5/60 - 5*h**4/12 + 3*h**3/2 + 14*h**2. Give y(6).
-15
Let x(d) = -8*d + 13*d + 6 - d**2 + 2*d**2. Determine x(-4).
2
Suppose -f - f + 3*n - 9 = 0, -15 = -4*f - 5*n. Let a be 1/(1/1) - f. Let m be (a - 1) + 3 + -5. Let g(i) = -i**3 - i**2 + i + 1. Give g(m).
3
Let k(c) = -c**2 + 7*c - 7. Let j(s) = s**2 - 8*s + 8. Let v(w) = 2*j(w) + 3*k(w). Let f = 11 - 7. Suppose 18 + 17 = f*y - 5*u, u = 2*y - 13. Give v(y).
-5
Let r(c) = -3*c. Let g = 51 + -54. What is r(g)?
9
Let b(j) = -3*j + 6. Suppose -4*r + r = 4*l - 16, l + r - 4 = 0. Determine b(l).
-6
Let t(d) be the first derivative of d**2/2 - 23. Give t(-4).
-4
Let z(c) be the third derivative of 7*c**5/60 - c**4/12 + c**3/6 - 12*c**2. Calculate z(1).
6
Let s be (-3 + 3)/(0 + 2). Suppose 2*g + 4 = -s*g. Let c(f) = -9*f + 3. Let v(w) = -4*w + 1. Let z(n) = 2*c(n) - 5*v(n). Give z(g).
-3
Suppose -z = 5*z - 24. Let d(s) = 13 - z*s - 15 + 2*s. Determine d(5).
-12
Let a be ((-2)/4)/(5/(-60)). Let o(m) = -7*m**3 + m - 6 + a*m**3 + 1. What is o(0)?
-5
Let l(j) = 25*j**2 + 3*j - 3. Let v(p) = -12*p**2 - p + 1. Let h(g) = 2*l(g) + 5*v(g). Give h(1).
-10
Let l be (-1 - -1)*(-2)/4. Let n(h) = l + 6*h + 1 - 7*h + h**2. Give n(1).
1
Let n = -5 + 5. Suppose 5*z + 0*a = -3*a + 29, -2*z + 5*a - 7 = n. Let i(p) = 4 - p - z. Determine i(-3).
3
Let o(m) = -4 + 8*m + m**2 - 2*m + 10. Suppose 8 = 2*y - 3*h, 0 = -y - 3*y + 4*h + 8. Let v be -4 + (-1 - (-2 - y)). Give o(v).
1
Let y(d) = -11*d - 7. Let a(x) = -5*x - 4. Let u(t) = -5*a(t) + 3*y(t). Let f(q) = q**3 + 32*q**2 + 33*q + 60. Let v be f(-31). Determine u(v).
15
Let p = 11 - 8. Suppose 0 = -3*m - p*a - 15, 3*m + 2*a - 1 = -12. Let j(f) = 3*f - 1 - 4*f + 4*f. What is j(m)?
-4
Let o(w) = 2*w + 4. Suppose -2*u - 2*u + 12 = 0. Suppose -3*z + 6 = -4*f, -3*f = 4*z - u*z + 11. Calculate o(f).
-2
Suppose 2 + 0 = u. Let r(i) = -7*i + 5*i**2 - 1 + 4 - 3*i**u + 3*i. Calculate r(3).
9
Let w(n) = n + 6. Let s be w(0). Let f(z) = z**3 - 6*z**2 - 2*z + 4. Determine f(s).
-8
Let t = -8 + 7. Let p be 3 + t + 0 + 3. Let a(j) be the third derivative of j**4/24 - 7*j**3/6 + 2*j**2. Determine a(p).
-2
Let a = -59 + 58. Let u(w) = 15*w**2 + 2*w + 1. What is u(a)?
14
Let o(y) = -y**2 + y + 8. Suppose -3*t - 2*w = -6, 2*w = 2*t + 4*w - 2. Determine o(t).
-4
Let w be 1/4 + (-20)/80. Let z(t) = -t**2 + 1. Determine z(w).
1
Let u = -3 - -5. Let p(a) be the first derivative of -a**2 + 2/3*a**3 - 1/4*a**4 + a - 3. What is p(u)?
-3
Let c(h) = h**2 + 7*h + 9. Let u(m) = -9*m + 56. Let r be u(7). Give c(r).
9
Let d(w) = -w**2 - 3*w - 3. Suppose -2*g = -4 + 8. Let j be ((-12)/6)/(-1 - g). Determine d(j).
-1
Suppose -3*w = -6 - 144. Suppose -5*l + 15 = w. Let j = l - -2. Let m(y) = -y - 11. Determine m(j).
-6
Let d(x) = x**2 + 2*x. Let f(z) = z**3 + 12*z**2 + 12*z - 9. Let t(m) = 3*d(m) - f(m). Let r(s) = 7*s - 1. Let i be r(-1). Give t(i).
-7
Let g(a) be the third derivative of a**5/60 + a**4/12 + 2*a**2. Let l(s) = -2*s - 4. Let t be l(-3). Suppose t*f + 2*j - 5 = 3*j, 0 = -j - 1. What is g(f)?
8
Suppose 0 = -2*c + 2*f + 2 + 2, 2*f + 2 = 3*c. Let i(g) = -g - 2. Calculate i(c).
0
Let n(w) be the first derivative of 2*w**2 - w - 3. Determine n(3).
11
Let p be (12/(-4) - -2)*(1 - -3). Let n(b) = -2*b**2 - 7*b - 5. Calculate n(p).
-9
Suppose -6*l + 1 = -5*l. Let i(u) = 9*u. What is i(l)?
9
Let a(x) be the third derivative of 0 + 5*x**2 + 1/24*x**4 + 0*x**3 + 0*x. Give a(1).
1
Suppose 97 = -7*v + 111. Let d(b) be the second derivative of 2*b**3/3 + b**2 + b. Give d(v).
10
Let l(x) = x - 9. Let g be l(14). Let s(k) = 4 + 4*k - 2 - 4 - g*k. Determine s(-4).
2
Let o(g) = -3*g**3 - g**2 - 2*g - 1. Let w(k) = k**3 + k**2 + k. Let d(t) = o(t) + w(t). Let j be d(-1). Let u(a) = -4*a + 3*a - j + 0*a. Determine u(-4).
2
Let m(g) be the first derivative of -g**4/12 - g**3/6 + g**2 + 2. Let x(t) be the second derivative of m(t). Determine x(-1).
1
Suppose -4*l + 0*l + 20 = 0. Suppose l*x = 3*n - 1, 5*x - n + 4 = n. Let j(t) = 3*t + 3. Determine j(x).
-3
Let v(k) = 3*k**3 - k**2 + 2*k - 1. Let q(o) = -o**3 + 2*o**2 + 2. Let f be q(2). Give v(f).
23
Let h(i) = -i + 5. Let g(w) = -6. Let l(t) = 1. Let j(m) = 6*g(m) + 30*l(m). Let n(o) = 4*h(o) + 3*j(o). What is n(-2)?
10
Let v(c) = -c - 6. Let s(l) = l**3 + 4*l**2 - l + 1. Let i be s(-4). Let a(w) = w**3 - 5*w**2 - w. Let z be a(i). Calculate v(z).
-1
Let x(a) = a + 8. Let m be 44*((-3)/(-2))/3. Let g be (-4)/m - (-825)/(-121). Calculate x(g).
1
Let y(h) = -h + 2*h**2 + 0*h + 6 - 3*h**2. Let t(b) = b**3 + 4*b**2 - 4*b + 5. Let v be t(-5). What is y(v)?
6
Let z(w) = -w**2 - 5*w + 3. Suppose 4*b = -0*m - 2*m - 20, 0 = -4*b + 2*m - 20. Give z(b).
3
Let g(y) = 4*y + 13. Let r(c) = -c. Let s(k) = -g(k) - 5*r(k). Give s(9).
-4
Let u = -5 + 7. Let n = 5 - u. Let p(c) = 2*c - 3. What is p(n)?
3
Let c(v) = 2*v**2 - 4*v + 2. Let d be 30/(-8)*(5 - 21). Let y be d/(-18) - 1/(-3). Let w = 5 + y. Give c(w).
2
Let u(o) be the second derivative of -o**5/20 - o**4/4 - o**3/3 - o**2/2 + 2*o. Let p be 3 - 0/(-2 - -6). Suppose 0 = p*t + 4 + 2. Calculate u(t).
-1
Let p(i) = i - 5. Let y(u) = u - 4. Let z(w) = 3*p(w) - 4*y(w). Let a(o) = 24*o - 27. Let x(l) = -2*a(l) - 54*z(l). Give x(1).
6
Let u(l) = l**2 - 2*l - 6. Let w be u(3). Let h(c) be the second derivative of c**5/20 + c**4/4 + 5*c**3/6 + 3*c**2/2 - c. Determine h(w).
-12
Let i(f) = -f**3 + 5*f**2 - 4*f. Let x(p) = 5*p**2 - 4*p**2 + 2*p + 2 - 3*p. Let o be x(2). Let l be i(o). Let j(k) = -k**2 + 9. Calculate j(l).
9
Let o = -31 - -26. Let q(x) = -x**2 - x + 1. Let j(p) = 3*p**2 + p - 3. Let s(r) = -j(r) - 4*q(r). Determine s(o).
9
Let w(i) be the first derivative of -i**4/4 + 5*i**3/3 - i**2/2 - i - 2. Let d(p) = -5*p**3 + 21*p**2 - 3*p - 3. Let n(m) = 2*d(m) - 9*w(m). Give n(-4).
7
Let y(t) = -t**3 + 2*t**2 + 6*t - 3. Let i be y(4). Let u = i - -13. Let n(x) = -5*x + 1. What is n(u)?
-9
Let x(u) = -u**2 + 5*u + 8. Let b(r) = r**3 - 15*r**2 + 7. Let k be b(15). What is x(k)?
-6
Let t(l) = l + 9. Let v = 13 - 21. Determine t(v).
1
Let t(m) = m**2 - 6*m + 2. Let k(q) = q**2 + 3*q - 5. Let n be k(-5). Let o(u) = -u**2 + 5*u + 5. Let s be o(n). Calculate t(s).
-3
Suppose 4*i = 36 - 4. Let h(a) = -2*a + 2. Give h(i).
-14
Let m(i) be the third derivative of -i**5/60 + i**4/8 - i**3/6 - 4*i**2. Let h(w) be the first derivative of m(w). Let q be ((-8)/6)/((-4)/6). What is h(q)?
-1
Let f = 36 + -39. Let w(z) be the third derivative of -z**7/5040 - z**6/240 + z**5/60 - 2*z**2. Let m(p) be the third derivative of w(p). Give m(f).
0
Let c(o) = 4*o + 6*o**2 - 2 - 9*o**3 + 10*o**3 - 3. What is c(-5)?
0
Suppose 4*j + 22 + 6 = 4*z, j + 1 = 0. Suppose c + z = -4*t